5
-1
What is (-7 - 2 - (-3 - 2)) + (-17 - -16)?
-5
(3 - -6) + (58 - 18 - 35)
14
2 + -1 - (-17 - -21)
-3
Evaluate -254 + 255 + -1 + 1 - -12.
13
Evaluate 0 + 35 - (766 - 756).
25
What is the value of 6 - 0 - -7 - (4 + 2) - -27?
34
What is -20 + -2 + -21 + (-1 - -30)?
-14
Calculate (24 - (11 + 19)) + 5.
-1
Evaluate -22 + (-15 - -18 - -13).
-6
Calculate 96 + -100 + (42 + -1 - (-8 - -13)).
32
(-1 - 2) + (2 - -1 - -12)
12
What is the value of -8 - (6 + -4 + -22)?
12
What is (-2 - (1 - -1 - 12)) + 1491 + -1474?
25
Calculate -4 + (-5 - (0 + -8) - -2) + -7.
-6
Calculate -40 - (37 + (-52 - 20)).
-5
(19 - 20) + (7 - -1)
7
Evaluate -1376 + 1380 - (1 - (-4 - -1)).
0
Calculate ((-3 - -2) + -3 - 4) + (-12 - 14).
-34
3 + 4 + -21 + 5 + 29 - 2
18
Calculate 13 - (-29 + 9 - -40 - 6).
-1
What is -498 - -522 - (2 + -1)?
23
13 - (22 + -15 + 6)
0
Evaluate -16 + 51 - -2 - 17.
20
What is the value of (10 - -26) + (-5 - -2) + -13?
20
Evaluate -3 + -3 + 12 - (6 - 11).
11
What is the value of -25 - (-29 - 25) - 1?
28
Calculate 2 + 11 - (-36 - (-16 - 27)).
6
-10 + -1 - (5 - (12 + -5))
-9
Evaluate -12 + (-29 + 33 - (9 - 0)).
-17
Evaluate 44 + -10 + 2 + -31.
5
(29 - (68 + -32)) + -23 + 1
-29
What is -1 - (-29 - -21 - (0 - 6) - -6)?
-5
What is the value of (-1 - (4 - (1 + -7))) + 22?
11
What is the value of 20 + (48 - 105) + (7 - 1)?
-31
-8 + 9 + -12 - -7
-4
3 + (-3 - 1 - (-13 - (-17 + 11)))
6
What is (-8 - -6) + 3 + 4 - (-8 + 0)?
13
What is the value of (15 - (-9 + 1 + 8 + 7)) + -8?
0
(8 - 11) + (4 - -5) - 5
1
What is the value of -5 + -14 - ((5 - 8) + -2)?
-14
-36 + 45 + 32 + -50
-9
Evaluate -20 + 31 - -5 - 37.
-21
17 + -11 + 15 + -1 + -8
12
Calculate 1 - -20 - (-847 + 871).
-3
-12 + 16 + -6 + -4 - 1
-7
What is the value of (12 - (8 - 7) - 5) + -7?
-1
Calculate -12 + -6 + -12 + 24.
-6
What is the value of 1 - (7 - (10 - -1)) - -9?
14
Calculate (1 - (-2 - 7)) + (-86 - -103).
27
What is the value of -13 - (-7 - -5) - 10?
-21
What is the value of -6 - (-2 + -13 + -3 - (-19 + 16))?
9
What is -16 - -7 - (-34 + 1) - (-1 + 7)?
18
What is the value of (1 - (-2 - -1 - -7)) + 14?
9
-8 + 17 + -14 - -2
-3
What is -2221 + 2221 - (-2 + 1 + 7 + -1)?
-5
-66 + (-34 - -83) + (-2 - -54)
35
What is the value of -5 + 5 + (-13 - 4)?
-17
What is the value of 4 - (44 - 18 - 3)?
-19
Evaluate -392 + 399 - (1 + -3 + 30).
-21
Evaluate 8 + (-14 - (8 + -15) - (-1 - -13)).
-11
Evaluate 11 - (11 + (0 - 10) + -1).
11
What is 18 + (21 - 23) - (23 - -3)?
-10
Calculate -226 + 207 - (-35 + -1).
17
What is the value of (-5 - (-17 - -5)) + -30 + -26 + 24?
-25
What is the value of 0 + (40 - 51) + 10?
-1
Evaluate -453 - -472 - (1 - -1).
17
What is the value of (-2 - -10) + (-5 - (10 - -3))?
-10
4 + -1 + -21 + 21 - 20
-17
-5 + -4 - (-15 + 3)
3
(14 - 17) + (33 - 15)
15
11 - (19 + -13 + 6 + -2)
1
Calculate -10 + 3 + 1 + 13 + -10.
-3
Calculate 1 - (-7 + 7 - -9 - 12).
4
What is (4 - 3 - -12) + (-10 - -2)?
5
What is (19 - 14) + (8 - 3)?
10
What is 24 + (23 - 29 - 10)?
8
What is 5 - (5 - ((6 - 2) + -5))?
-1
What is (0 - 4) + -4 + (-1 - (-2 + 3))?
-10
What is the value of 0 - -2 - (-5 + -2 + -3)?
12
What is (11 - (2 + -1) - 1) + 3?
12
Calculate (13 - 0) + (6 - 16 - -6) - -2.
11
What is (66 - 70 - (2 + (-10 - -2))) + 10?
12
5 + (-33 - (-8 - 4))
-16
What is -13 + 16 + 8 + -2?
9
Calculate (-31 - -7) + (-12 - (-5 + 4)).
-35
Evaluate 1 + (2 - (0 - -10)) - (0 + 0).
-7
-6 + (-4 - -10) + -17 + 9
-8
2 - -19 - 37 - -24
8
What is 21 - (-1 - ((0 - 2) + -11))?
9
Evaluate (-62 - -63) + (-11 - 3) + 3 + -18.
-28
Evaluate (-264 - -232) + (46 - 2).
12
Evaluate -2 + (-6 - (6 + -8 + 8)).
-14
What is -1 - ((22 - 17) + -12)?
6
Evaluate 507 + -506 - (-5 + -1 + 3 + 28).
-24
Calculate 2 + (2 - 15) - (-25 - -22).
-8
Calculate -7 + (-6 - -5) + 23 - 37.
-22
Calculate 2 + -2 + -1 - (267 + -265).
-3
350 + -347 - (-1 + 8)
-4
Calculate -11 + 8 + -8 + 0 - -5 - -1.
-5
Evaluate -16 + 6 + (-21 - -19).
-12
What is the value of -5 - -19 - (43 - 28)?
-1
Calculate (5 - 6) + 24 + (37 - 49).
11
(2 + -4 - -5) + (3 - 16)
-10
What is the value of 16 + (18 - 29 - 12)?
-7
Calculate 15 + -4 + 13 + -5 + 2.
21
Calculate -2 - 2 - 1 - (15 + -35 - -6).
9
Calculate 2 - (-6 + -1 + 0) - (2096 - 2099).
12
What is 26 + (-37 - -24) + -1?
12
-14 - (19 - 27 - 20)
14
Evaluate 547 + -585 + (48 - -4).
14
What is the value of 6 + 9 + -6 + (2 - -1)?
12
What is -1 - 18 - (-584 + 556)?
9
Evaluate -6 + (0 - (-4 - -5 - (5 - 2))).
-4
What is the value of -8 + -2 - (2 + -17 + 4)?
1
What is -7 - (-2 + (-1 - (12 - -20)))?
28
-51 + 15 + 5 + (11 - -1)
-19
Calculate -1 - -11 - (26 - -25 - 38).
-3
Evaluate (-324 - -341) + 3 + (1 - 7).
14
Evaluate -59 - -40 - (-11 + (3 - 2)).
-9
Evaluate -17 + 1 - (-10 - (-2 - (10 - 10))).
-8
Calculate (-5 - -7) + 1 + 7 - -3.
13
Calculate -55 + 39 + 5 + (2 - 2).
-11
What is the value of 21 + (-62 - -18) + 2?
-21
Evaluate -2 + -23 + (-11 - -14) + 21 + -14.
-15
Evaluate -9 - (0 + -3) - (4 + 0 + -26).
16
3 - -7 - (26 + -3)
-13
Calculate (-9 - -19) + -9 - (8 + 5).
-12
What is (2 - (0 + (4 - 8))) + -12?
-6
-2 - -9 - 13 - 43 - (-1 + -11)
-37
Calculate (33 - 4) + (-73 - -64).
20
-8 + -2 - (-1 + 6 + -4 + -2)
-9
What is the value of -1562 + 1594 - (23 + -2)?
11
1 - -19 - (4 + 2 + -2 + 3)
13
Calculate 87 - 63 - (15 + 0).
9
Evaluate (31 - -1) + (9 - 11) + 3 + -10.
23
What is the value of (-21 - (-13 + -10)) + (10 - -2 - 2)?
12
-3 + 47 + -57 + (1 - 1) + 4
-9
Evaluate -3 + -5 + (-7 - (-2 + 0)).
-13
Evaluate -8 - (-28 + 51 + -31).
0
What is the value of 1 + -2 + 3 + 9 + -12 + 2?
1
Calculate 12 + -11 + -19 + 10.
-8
6 + (22 - 12) + -12 + -15
-11
What is 26 + (25 + -7 - 33)?
11
Evaluate -12 - ((5 - 5) + -7 - (-17 - -9)).
-13
Evaluate (9 - 11) + (7 - -4) + 3.
12
Evaluate (-14 - -33) + (-11 - 25).
-17
What is the value of 25 + 1 - (-26 - (-22 + -14))?
16
What is -8 - (5 - (0 + -8 + 6) - 15)?
0
What is -2401 + 2398 - (18 + 0 + 1)?
-22
(-1 + 3 - -11) + -3 + (17 - 5)
22
1 - ((10 - 4) + -7) - (1 + -2)
3
What is (-2518 - -2515) + (1 - 0) + -9 + 0?
-11
What is -44 + (-31 - -88) - (-1 + -7)?
21
What is the value of -5 + (2 - (9 + -7)) + (2 - 7)?
-10
Calculate -4 + (0 - 18) + 2 + -13 + 22.
-11
Calculate -6 + (7 - 5) - 1.
-5
0 + -17 + -4 + 4
-17
What is the value of 2 - 4 - (9 + (-14 - -17))?
-14
Evaluate (31 - (-5 - -15)) + -19 - (1 - 2).
3
What is the value of 10 + -8 + (-14 - 2 - -46)?
32
18 + (3 - (-11 - -8) - 14)
10
Calculate 4 - -1 - (86 + -95).
14
(-91 - -99) + -2 + 1
7
Evaluate 20 + (-12 - 16 - -27).
19
Calculate 3 + (20 - 48) + 9.
-16
27 + -22 + -28 + 53
30
Calculate 71 - 59 - (15 - -3).
-6
Evaluate 4 - (-6 + -11 + 29).
-8
Evaluate -6 + (-14 - (-14 + -8)).
2
What is the value of -77 + 65 - (1 - 7)?
-6
Evaluate -21 + 8 + 4 + 24.
15
Calculate -52 + 63 + -12 + 0.
-1
Calculate -13 + 20 + 5 - -8.
20
Calculate 26 + -29 + 22 + (6 - (3 + -4)).
26
What is 2 - 0 - -14 - (1600 + -1609)?
25
-3 - (94 - 87 - (1 - 3))
-12
4 - (28 - (30 - 16))
-10
13 + -6 + 7 + -7 - 11
-4
-5 + -13 - -9 - -15 - 13
-7
Evaluate 3 + -13 - (8 - 17).
-1
Evaluate -1 - -15 - (-33 + 67).
-20
What is 8 + (-3 + 3 + 2 - 2 - 0)?
8
Evaluate -12 + 5 - (1 + 2 + -3 - -5).
-12
6 + -11 + 4 + 4
3
What is the value of -7 - (6 - 12 - -12)?
-13
Evaluate (-9 - 21) + -2 + 0.
-32
What is 3 + (-2 - -3) - (4 - 4)?
4
What is -24 + 0 + 3 + -49 + 56?
-14
Evaluate -34 - (-6 + -10) - -21.
3
What is the value of 5 - (-1 - (-7 - 10))?
-11
-11 - (-74 + 67) - (1 + 0)
-5
Evaluate 40 - 77 - -27 - (1 - 19).
8
Calculate 0 + 12 - (30 - (20 + -15)).
-13
What is the value of -3 + 64 + -18 + -17?
26
Calculate -2 - (-8 - -11) - -12.
7
What is the value of 5 - (-9 + 1) - 7?
6
(2 - 15 - (-26 + 17)) + -8
-12
What is 17 + (-26 - -8) - ((0 - 5) + 0)?
4
Evaluate -101 - -86 - (-7 + -1).
-7
33 - 20 - (14 - 4)
3
Calculate 34 - 23 - (-30 + 10).
31
Evaluate -4 + 2 + -9 + 6 + 7.
2
Calculate 1 + -16 + 119 + -113.
-9
Evaluate -68 + 74 - (1 - -5 - -2).
-2
What is the value of 1 - ((-6 - -6) + (-10 - -5))?
6
What is (-7 - (8 - 8 - 1)) + -6 + -1?
-13
What is 0 + -25 + -45 + (-24 - -82)?
-12
-15 - (2 + 0 + (-8 - (4 + -6)))
-11
0 + (-6 - (14 - 23) - (21 - 2))
-16
27 - ((-55 - (-74 + 31)) + 2 + 1)
36
Calculate -17 - 0 - (0 + (12 - 8) + -8).
-13
Evaluate (-9 - -30) + -4 + 8 + -3 + -4.
18
1 + 1 - (-7 + (-8 - -21))
-4
Evaluate (5 - (5 - -14)) + 29 + -5.
10
What is the value of 0 